 - 2*b, 2*u + 2*b = -2*u + 24. Calculate the remainder when 9 is divided by u.
3
Suppose -3*t = 4*h - 141, 5*h - t - 159 = t. Let a = h + -56. Let y = a + 43. Calculate the remainder when y is divided by 11.
9
Let q be 15/2 - (-2)/(-4). Suppose 23 = 3*f - q. Let p = -39 - -43. Calculate the remainder when f is divided by p.
2
What is the remainder when 29 is divided by (-7)/2*1/((-7)/24)?
5
Let z = 12 - 21. Let w(k) = k + 5. Let p(v) = -1. Let u(c) = -6*p(c) - w(c). Calculate the remainder when 28 is divided by u(z).
8
Suppose 4*b - 30 = -2. Let j = 13 - 8. Suppose -2*r - j*s + 6 = 0, r - b = -2*s - 2. What is the remainder when r is divided by 7?
6
Suppose 8*q = -5*q + 1196. What is the remainder when q is divided by 26?
14
Let r = -8 + 16. Let j(f) = -f**2 + 9*f + 5. Calculate the remainder when j(r) is divided by 8.
5
Suppose 0 = -i - r + 46, -2*i - 96 = -4*i - 3*r. Suppose 5*f + 18 + i = 0. Let o = 0 - f. What is the remainder when o is divided by 5?
2
Let r(a) = 8*a**2 - a + 1. What is the remainder when r(3) is divided by 25?
20
Let k(t) = -t**2 - 5*t + 6. Let q be k(-6). Let o be (-13)/2*(-6 - q). Suppose 0 = 2*s + o - 135. Calculate the remainder when s is divided by 25.
23
Let o = -81 - -112. Calculate the remainder when o is divided by 8.
7
Let u be (-76 - -1)*6/(-9). Suppose -6*m = -m - u. Let f(x) = -3*x. What is the remainder when f(-6) is divided by m?
8
Let z(d) = -d**3 - 5*d**2 + d - 2. Let o be z(-4). Let r = o + 41. Calculate the remainder when 36 is divided by r.
17
Let s = 2 + 11. Let b(j) = 2*j**2 + 7*j - 3. Let x be b(-6). Let v = 10 + x. What is the remainder when v is divided by s?
11
Let r(q) = q**2 - 4*q + 1. Let z be r(-5). Suppose -5*w = -3*h + z, 7*w - 2*w - 108 = -4*h. Calculate the remainder when 64 is divided by h.
20
Let y(k) be the first derivative of 7*k**5/60 - k**2 - 2. Let c(r) be the second derivative of y(r). What is the remainder when c(-2) is divided by 10?
8
Suppose -4*m + 2*c = -474, m + 2*c - 111 = -0*c. What is the remainder when m is divided by 17?
15
Suppose h = 5*u - 59, 0 = 2*u + 2*h + 3*h - 29. Calculate the remainder when u is divided by 3.
0
Let d = -72 + 75. Suppose 28 = 2*x - 4*m, 6*x + m - 37 = x. Calculate the remainder when (x/10)/((-4)/(-20)) is divided by d.
1
Suppose 2*b - 6*b = -164. What is the remainder when 162 is divided by b?
39
Suppose 135 = 12*o - 7*o. What is the remainder when o is divided by (-3 - -4)/(2/14)?
6
Let p = 73 - 69. What is the remainder when 15 is divided by p?
3
Let r = 10 + -5. Let c = 8 - -9. Calculate the remainder when c is divided by r.
2
Suppose -81 = -5*y - 16. Suppose d = -3*d + 284. Let q = d - 47. What is the remainder when q is divided by y?
11
Calculate the remainder when (-2)/(-5) + 91/35 is divided by 2.
1
Let s = 21 - 11. Let o = s - 6. What is the remainder when o is divided by 2?
0
Suppose -m + b + 14 = 0, -4*m - 2*b + 36 + 44 = 0. Suppose -50 = -j - 15. Calculate the remainder when j is divided by m.
17
Let b(u) be the first derivative of -u**4/4 - 2*u**3 - 3*u**2 + 7*u + 2. Let t = 72 - 49. What is the remainder when t is divided by b(-5)?
11
Let b(f) = -f**2 + 12*f + 12. Let i(z) = -z**2 + 9*z - 6. Calculate the remainder when b(11) is divided by i(7).
7
Let j be (34/(-3))/(8/(-12)). Suppose x - 5 = 1. Let h = x + j. Calculate the remainder when h is divided by 8.
7
Let o = -2 - 0. Let h be (-31)/o - 2/(-4). Suppose -q = 4 - h. What is the remainder when 22 is divided by q?
10
Suppose 10 = 3*f - 4*f. Let g = f - -14. Calculate the remainder when 1/(-1)*1 - -6 is divided by g.
1
Let p(k) = -k**2 + 12*k + 2. Calculate the remainder when 23 is divided by p(11).
10
Let z = 30 + -12. What is the remainder when 69 is divided by z?
15
Let i(w) = -4*w + 5. Suppose 4*y = 20, -1 = 2*a - 5*y - 8. What is the remainder when i(-10) is divided by a?
13
Suppose 34 = g + 14. Calculate the remainder when 63 is divided by g.
3
Let i = 1 - 5. Let a(b) be the second derivative of -b**5/20 - b**4/6 + b**3/2 - 5*b**2/2 - 3*b. What is the remainder when 43 is divided by a(i)?
13
Suppose -2*n + 2 + 0 = 2*o, -5*n - 4*o + 3 = 0. What is the remainder when 10 is divided by (-6 - n)*(-28)/35?
2
Let v be 9/2 + (-8)/(-16). Suppose 0 = 5*j + v*b - 165 - 5, -68 = -2*j + 4*b. What is the remainder when j is divided by 18?
16
Suppose -4*t + 42 = -46. What is the remainder when 1206/t - 6/(-33) is divided by (0 + -1)*(-19 - 0)?
17
Suppose 55 = 10*p - 285. Calculate the remainder when p is divided by 10.
4
Suppose -a = -0 - 2. Suppose 3*y - a - 7 = 0. What is the remainder when 10 is divided by y?
1
Let m(v) = -v**3 - 3*v**2 + 5*v + 4. Let i be m(-3). Let d(k) = -k**3 - 11*k**2 + 4. Calculate the remainder when d(i) is divided by 3.
1
Let y(t) = -2*t**3 - 2*t - 3*t + 7*t**2 + 3*t**3. What is the remainder when y(-5) is divided by 19?
18
Suppose -2*v + 33 = v + 5*j, -4*v + 27 = j. What is the remainder when 14 is divided by v?
2
Suppose -n + 4*n = 3*v + 30, -3*n = 5*v - 6. Suppose -4*m = -7*m + 99. Let a = -14 + m. What is the remainder when a is divided by n?
5
Suppose q = -q + 6. What is the remainder when q is divided by 2?
1
Suppose 2*k - 3*o - 7 - 9 = 0, k - 3 = 4*o. What is the remainder when 50 is divided by k?
6
Let y = 3 - 4. Suppose -5*f = -f + 3*w - 53, 5*f - 52 = w. Let q = f + y. Calculate the remainder when q is divided by 6.
4
Suppose -g = 2*q + 62, 0*q = q + g + 33. Let v = 4 - q. What is the remainder when v is divided by 9?
6
Suppose 0 = 10*i - 11*i + 16. Let k = i - 4. Calculate the remainder when 32 is divided by k.
8
Calculate the remainder when 8 is divided by (15/3*1)/1.
3
Suppose -5*c = -4*l + 338, l = -2*c + 4*c + 83. Let i = -53 + l. What is the remainder when 99 is divided by i?
31
Let t be (2/(-4))/((-1)/(-12)). Let q = 38 - t. Calculate the remainder when q is divided by 15.
14
What is the remainder when 64/6 + 4/12 is divided by 8/(-10)*(-30)/4?
5
Let i(k) = -k - 4. Let y be i(-8). Suppose w - 2*j = 16, -y*w + 2*j + j + 44 = 0. Calculate the remainder when 21 is divided by w.
5
Let v be 4*(-2 + (-33)/(-12)). Let f = v + 5. What is the remainder when 14 is divided by f?
6
Suppose -2 = 3*a - 5. Calculate the remainder when 31 is divided by a*-1 - (8 + -26).
14
Let c be (-4)/(-1 - (-6)/4). What is the remainder when (0 - 1*c) + -3 is divided by 2?
1
Let p(x) = x**2 + 3*x + 3. Calculate the remainder when 37 is divided by p(3).
16
Suppose -4*p = -1 + 9. Calculate the remainder when 25 is divided by -21*p/(-6)*-1.
4
What is the remainder when (-25)/(0 - 4/8) is divided by 28?
22
Let c(h) = 16*h**2 - 3*h + 3. Let g be c(2). Suppose 4*l - 47 = 1. What is the remainder when l is divided by 4/18 + g/9?
5
Let y(r) = -r**2 - 23*r + 56. Calculate the remainder when 64 is divided by y(-25).
4
Let p(a) = 2*a**2 + 8*a + 3. What is the remainder when p(-7) is divided by (1 - 6)*(-16)/5?
13
Suppose 4*y + f + 0 = -4, -4*y + 2*f = -8. Suppose y = i - 6*i + 5. Calculate the remainder when 34 is divided by 12 + i*(-3 + 3).
10
Let c(a) = 3*a - 37. Calculate the remainder when c(18) is divided by 5.
2
Suppose 2*f - 7 - 71 = 0. Let r(b) = b**2 - 4*b + 8. Calculate the remainder when f is divided by r(6).
19
Let g(m) = m**2 + 4*m + 2. Let n(o) be the second derivative of -o**3/6 - o**2/2 - 2*o. Let r be n(3). Calculate the remainder when 4 is divided by g(r).
0
Calculate the remainder when 189/28*(-64)/(-6) is divided by 25.
22
Let s = 11 + 1. Calculate the remainder when 47 is divided by s.
11
What is the remainder when 988/57 - 2/(-3) is divided by 7?
4
Let o = -14 + 30. What is the remainder when o is divided by 3?
1
Let x = -356 - -563. Calculate the remainder when x is divided by 35.
32
Suppose r + 40 = 2*w + 2*w, 4*w - 5*r - 56 = 0. Let z(i) = i**3 - 3*i - 2. Let y be z(3). Suppose -2*k = -3*k + y. What is the remainder when k is divided by w?
7
Suppose -2*c + 4*q = -12, 2*q = 2*c - 3*q - 14. Suppose y - c*t - 35 = -3*t, -4*y = -3*t - 140. Let d = 32 + -23. What is the remainder when y is divided by d?
8
Suppose 5*l + 2 = -4*n + 19, 0 = 2*l + 2*n - 6. Suppose 0 = 5*h + 4*o - 26, h - 2*h + 22 = l*o. Calculate the remainder when 3 is divided by h.
1
Suppose 0*w = 6*w + 24. What is the remainder when 1/w + (-106)/(-8) is divided by 8?
5
Let m(z) = z**3 + 8*z**2 +